= -x + 3*y + 152 - 47. What is the highest common factor of x and 13?
13
Suppose c + 3*g = 5 + 2, -3*c - 2*g = -7. Calculate the highest common factor of 2 and c.
1
Let b = 3 - -6. Let a be -3 + 2 + 1 + 0. Suppose a = d - 2*d + 18. What is the greatest common factor of d and b?
9
Suppose -5*w - 3*j = -67, -5*w + 47 = -0*w - 2*j. Let z be (-7 + 2)/((-1)/w). Calculate the highest common factor of z and 22.
11
Let l be (-3 - -5)*((-34)/(-4) - -3). Calculate the greatest common factor of 207 and l.
23
Suppose -5*s - 4*z = -684, 3*s = 2*s + 2*z + 148. What is the highest common factor of 28 and s?
28
Let l = 10 + 11. Suppose -2*x = 3*x - 105. Calculate the greatest common divisor of x and l.
21
Let w be ((-119)/(-28))/(1/4). Let g = -11 + 28. What is the highest common factor of w and g?
17
Suppose y - 2 = 2*y. Let h be (5 - 1) + y + 2. Suppose q - 280 = -h*q. Calculate the greatest common divisor of q and 8.
8
Let y = 38 + -23. What is the highest common factor of 10 and y?
5
Suppose 4 = 4*t - 64. Calculate the highest common divisor of t and 187.
17
Let x = -18 + 30. What is the highest common factor of x and 12?
12
Let q = 3 - 5. Let g be 0 - (q - 1/1). Suppose g = y - 1. What is the greatest common divisor of y and 1?
1
Let a = 45 - 27. What is the highest common divisor of a and 45?
9
Suppose 27*j = 23*j + 44. What is the greatest common factor of j and 99?
11
Suppose -4*y - 10 = -2*y. Let u = y - -21. What is the greatest common divisor of u and 8?
8
Let d(z) = -24*z + 1. Let p be d(-7). Let c be (-26)/p - 472/(-26). Let f be (-18)/5*-5*11. Calculate the highest common divisor of c and f.
18
Suppose -4*q - 19 = -3*q - 5*g, -4*g - 4 = -4*q. What is the greatest common divisor of q and 66?
6
Suppose 3*f - 3 = -x - 0, 4*x = -3*f + 3. Suppose 0 = -4*o + 5*s + 24 + 57, x = -4*o - 4*s + 108. Calculate the highest common divisor of 16 and o.
8
Suppose 0 = -4*k - 3*i + 13, i = 2*k - 9. Let y = -32 + 64. What is the greatest common divisor of y and k?
4
Suppose 11*f = 10*f + 2. Let b be (6/2 - f)*18. Suppose -2*v + 48 = 2*v. What is the highest common factor of b and v?
6
Let i = -4 + 9. Suppose i*u = u + 16. Suppose -u*h = -247 - 257. What is the greatest common factor of 14 and h?
14
Let i = -7 - -39. Suppose -6*w + 20*w - 112 = 0. Calculate the greatest common divisor of i and w.
8
Let t(c) = 2*c**3 - 7*c**2 + 5*c. Suppose -4*b = 3*r - 8, -6*r + 5*b = -2*r - 21. Let x be t(r). Calculate the highest common factor of x and 4.
4
Let b = -25 + 35. Let a be 12 + (2 + 0)*-1. Calculate the greatest common divisor of a and b.
10
Let l(t) = 1 - t**3 - 2 - 4 - 6*t - 4*t**2. Let p be (-2)/(1/(4 + -2)). Let h be l(p). Calculate the highest common divisor of h and 57.
19
Suppose -6*c = -0*c - 72. Let u(z) = -z**3 - 3*z**2 + 3*z + 6. Let g be u(-6). Calculate the greatest common factor of g and c.
12
Suppose s + 0 = 2. Suppose -w + s = -18. Suppose -2*o = o - 30. Calculate the greatest common divisor of o and w.
10
Let r(t) = 5*t - 1. Let a be r(-1). Let j be ((-2)/(-1))/((-3)/a). Suppose -6*x + j = -4*x. Calculate the highest common divisor of x and 10.
2
Let g(q) = q**2 - q - 4. Let v be g(-4). What is the greatest common divisor of 8 and v?
8
Suppose 0*m = 2*m - 6. Suppose -q - 21 = -3*q + m*y, 3*q = 5*y + 31. Calculate the highest common divisor of q and 12.
12
Suppose 5*i - i = 0. Suppose 0 = -2*q, 5*y - 3*q + 0*q - 5 = i. Let d be (0 - y)/(7/(-98)). What is the greatest common factor of d and 35?
7
Suppose -3*j = -12, 0 = x + 2*j - j - 11. Calculate the highest common factor of 35 and x.
7
Suppose -85*q + 80*q = -30. What is the greatest common factor of q and 2?
2
Let i(a) = -a + 18. Let w be i(13). What is the greatest common factor of 45 and w?
5
Let o(n) be the third derivative of n**6/120 + n**5/15 - 7*n**4/24 - n**3/6 + n**2. Let k be o(-5). Calculate the highest common divisor of 3 and k.
3
Let l be (8 - 8)/(-2 + 0). Suppose l*q - 3 = -3*q. What is the greatest common divisor of q and 2?
1
Suppose -4*g + 477 = -3*i, 3*g - 42 = 4*i + 314. What is the greatest common factor of g and 15?
15
Let d(r) = -r. Let g be d(-3). Suppose -2 = -5*m + g*m. What is the highest common divisor of m and 1?
1
Suppose -3*q = -4*q - 58. Let r = -182 - q. Let t be 3/(-15) + r/(-20). Calculate the greatest common divisor of t and 6.
6
Suppose 3*r - 6*r = 0. Suppose k = m - 0*k - 12, r = 2*k - 8. Let z be (-1)/((-1)/16)*9. Calculate the highest common divisor of m and z.
16
Let h(f) = f - 2. Let b be h(15). Let k = b + 27. What is the greatest common factor of 8 and k?
8
Let h(s) = 5*s - 6. Let g(f) = 4*f - 5. Let a(j) = 4*g(j) - 3*h(j). Let o = -3 + 6. Let d be a(o). Calculate the greatest common factor of d and 4.
1
Suppose -6*u = -318 - 24. Calculate the greatest common factor of 38 and u.
19
Let q = -268 - -400. Calculate the greatest common divisor of 12 and q.
12
Let k(a) = -a**3 - 2*a**2 + 4*a - 3. Let p be k(-4). Let q be (-2367)/11 + (-4)/(-22). Let u = -111 - q. Calculate the highest common factor of u and p.
13
Let g = 36 - 9. Let p be (12/(-5))/((-2)/15). Calculate the highest common divisor of g and p.
9
Suppose 8*j - 11*j + 48 = 0. Calculate the highest common divisor of 2 and j.
2
Suppose -r + 1 = -5. Let h = -59 + 89. Calculate the greatest common factor of r and h.
6
Let s(w) = w**2 + 2*w - 6. Let y be s(-5). What is the highest common divisor of 27 and y?
9
Let l(y) = -140*y + 2. Let h be l(-3). Let j be 2/6 - h/6. Let x = j - -158. What is the highest common divisor of 8 and x?
8
Let v = -1 + -3. Let b = 1 - v. What is the highest common factor of 55 and b?
5
Suppose -5*l = -0*l. Suppose l*o - 480 = -3*o. What is the greatest common factor of o and 20?
20
Suppose 0*q + 4 = -2*o + 2*q, -3*o = -2*q + 1. Suppose n = -o*n + 72. Let t be ((-216)/60)/(3/(-10)). Calculate the greatest common factor of n and t.
6
Let r(j) = -7*j + 14*j + 14*j. Let w be 6/(-4)*42/(-9). Let t be r(w). What is the greatest common factor of 21 and t?
21
Let l(p) = -26*p - 5. Let q(a) = a + 1. Let v(k) = l(k) - 5*q(k). Let y be v(-7). What is the highest common divisor of y and 23?
23
Let d be 2 - (3 + -4)*18. What is the highest common divisor of d and 180?
20
Let m(a) = -2*a + 6. Let o be m(-6). Calculate the greatest common factor of 18 and o.
18
Let n(w) = w + 1. Suppose 0 = -3*d + 3 + 12. Let g be n(d). Calculate the greatest common factor of 4 and g.
2
Let i be 1/(-2) + 1535/10. What is the highest common factor of 17 and i?
17
Let f be 330/(-75)*(-10)/4. Calculate the highest common divisor of 55 and f.
11
Suppose 4*c = 0, -5*c + 110 = 2*d + 22. Let h = 68 - d. Suppose -4*v - 3*a + 119 = -106, 0 = -4*v - 2*a + 230. What is the highest common factor of h and v?
12
Suppose 1155 = 4*n + n. What is the greatest common factor of n and 21?
21
Let s(v) = -8*v - 14 - 4*v - v**2 + 0*v. Let q be s(-10). Calculate the greatest common divisor of 3 and q.
3
Let m be (-6)/(-2)*16/(-12). Let r = -2 - m. Suppose -2*p = r*b - 18, -5*b - 4*p + 39 = -p. Calculate the highest common factor of 48 and b.
6
Let v be 4/(-4)*1 + 27. Let f(t) = -5*t**3 + t**2 + 2*t - 1. Let d(y) = -y + 4. Let h be d(6). Let m be f(h). What is the greatest common divisor of v and m?
13
Suppose -2*k = -6, 0*g - 5*k = -3*g - 15. Let l be -6 + 5 - (g - 2). Let d be (-6)/(l*(-2)/15). What is the highest common divisor of 9 and d?
9
Let h = -5 - -17. Calculate the greatest common divisor of 12 and h.
12
Suppose 0 = t - 4, -t = p + 4*t - 37. Let k = p + 38. Suppose 5*w + 0*w = 110. Calculate the highest common divisor of k and w.
11
Suppose 0*w = -w - 3. Let q be 80 + (-2 - w)/1. Let p = q - 41. What is the highest common divisor of p and 5?
5
Let v(k) = 2*k**3 - 3*k**2 + k + 2. Let w be v(2). Suppose 5*x + 778 - w = 0. Let r be -3*(-2)/((-12)/x). What is the highest common factor of r and 7?
7
Let j be 0/2 - 1*(-28 - -4). Calculate the greatest common factor of 12 and j.
12
Let g be 2/(-3) + (-10)/(-6). Let k be -1*2 + -13 + g. Let u = k + 20. What is the greatest common factor of 6 and u?
6
Suppose 2*k + 15 = -3*k. Let u = k + 6. Suppose 3*m - 6 = 4*p - 61, -u*p + 51 = m. What is the highest common divisor of p and 32?
16
Let f(q) = -17*q - 33. Let o be f(-11). What is the greatest common divisor of o and 14?
14
Let a 